{"id":28,"date":"2015-02-26T15:56:50","date_gmt":"2015-02-26T15:56:50","guid":{"rendered":"http:\/\/wp\/one-page\/?page_id=11"},"modified":"2021-11-04T00:13:09","modified_gmt":"2021-11-03T22:13:09","slug":"home","status":"publish","type":"page","link":"https:\/\/www.wojciechmusial.eu\/","title":{"rendered":"Home"},"content":{"rendered":"<div id='fullscreen_slider_1'  class='avia-fullscreen-slider main_color   avia-builder-el-0  el_before_av_one_full  avia-builder-el-first   container_wrap sidebar_right'  ><a href='#next-section' title='' class='scroll-down-link av-control-hidden' aria-hidden='true' data-av_icon='\ue877' data-av_iconfont='entypo-fontello'><\/a><div   data-size='no scaling'  data-lightbox_size='large'  data-animation='fade'  data-conditional_play=''  data-ids='161'  data-video_counter='0'  data-autoplay='true'  data-bg_slider='true'  data-slide_height='100'  data-handle='av_fullscreen'  data-interval='2'  data-class=' '  data-el_id=''  data-css_id='fullscreen_slider_1'  data-scroll_down='aviaTBscroll_down'  data-control_layout='av-control-hidden'  data-custom_markup=''  data-perma_caption='aviaTBperma_caption'  data-autoplay_stopper='1'  data-image_attachment=''  data-min_height='0px'  data-lazy_loading='disabled'  data-stretch=''  data-img_scrset=''  class='avia-slideshow avia-slideshow-1 av-slider-scroll-down-active av-control-hidden av-default-height-applied avia-slideshow-no scaling av_fullscreen   avia-fade-slider '  itemprop=\"image\" itemscope=\"itemscope\" itemtype=\"https:\/\/schema.org\/ImageObject\" ><ul class='avia-slideshow-inner ' style='padding-bottom: 74.147501982554%;' ><li style='background-position:top center;' data-img-url='https:\/\/www.wojciechmusial.eu\/wp-content\/uploads\/2021\/10\/img2.jpg' class=' av-single-slide slide-1 ' ><div data-rel='slideshow-1' class='avia-slide-wrap '   ><\/div><\/li><\/ul><div class = \"caption_fullwidth av-slideshow-caption caption_left\"><div class = \"container caption_container\"><div class = \"slideshow_caption\"><div class = \"slideshow_inner_caption\"><div class = \"slideshow_align_caption\"><h2  class='avia-caption-title  '  itemprop=\"name\" ><img src=\"\/wp-content\/uploads\/2021\/10\/logo_m2.png\"><\/h2><\/div><\/div><\/div><\/div><\/div><\/div><\/div><div id='after_full_slider_1'  class='main_color av_default_container_wrap container_wrap sidebar_right'  ><div class='container av-section-cont-open' ><div class='template-page content  av-content-small alpha units'><div class='post-entry post-entry-type-page post-entry-28'><div class='entry-content-wrapper clearfix'>\n<div class='flex_column av-3vdg-9cf24d5d9ac64f05b5611a83bd84f528 av_one_full  avia-builder-el-1  el_after_av_fullscreen  el_before_av_section  avia-builder-el-no-sibling  first flex_column_div '   ><\/div>\n<\/div><\/div><\/div><!-- close content main div --><\/div><\/div><div id='portfolio'  class='avia-section av-195hjc-f3ab964ab9f04debac6eefc8d3f57d2b main_color avia-section-large avia-no-border-styling  avia-builder-el-2  el_after_av_one_full  el_before_av_section  avia-bg-style-scroll  container_wrap sidebar_right'  ><div class='container av-section-cont-open' ><div class='template-page content  av-content-small alpha units'><div class='post-entry post-entry-type-page post-entry-28'><div class='entry-content-wrapper clearfix'>\n<div class='flex_column av-18ctto-fa81f4e19e76129f7cf13061a8f126cb av_one_fifth  avia-builder-el-3  el_before_av_three_fifth  avia-builder-el-first  first flex_column_div '   ><\/div><div class='flex_column av-4ddu8-e3205a72a9c657def6fb8f496351c9c1 av_three_fifth  avia-builder-el-4  el_after_av_one_fifth  el_before_av_one_fifth  flex_column_div '   ><p>\n<style type=\"text\/css\" data-created_by=\"avia_inline_auto\" id=\"style-css-av-kv26nhdq-23b5e629a1855129b3021023983e056b\">\n.avia-image-container.av-kv26nhdq-23b5e629a1855129b3021023983e056b .av-image-caption-overlay-center{\ncolor:#ffffff;\n}\n<\/style>\n<div  class='avia-image-container av-kv26nhdq-23b5e629a1855129b3021023983e056b av-styling-circle avia_animated_image avia_animate_when_almost_visible pop-up avia-align-center  avia-builder-el-5  el_before_av_heading  avia-builder-el-first  '  itemprop=\"image\" itemscope=\"itemscope\" itemtype=\"https:\/\/schema.org\/ImageObject\" ><div class=\"avia-image-container-inner\"><div class=\"avia-image-overlay-wrap\"><img class='wp-image-111 avia-img-lazy-loading-not-111 avia_image' src=\"https:\/\/www.wojciechmusial.eu\/wp-content\/uploads\/2021\/10\/kancelaria_logo-180x180.png\" alt='' title='kancelaria_logo'  height=\"180\" width=\"180\"  itemprop=\"thumbnailUrl\" srcset=\"https:\/\/www.wojciechmusial.eu\/wp-content\/uploads\/2021\/10\/kancelaria_logo-180x180.png 180w, https:\/\/www.wojciechmusial.eu\/wp-content\/uploads\/2021\/10\/kancelaria_logo-300x300.png 300w, https:\/\/www.wojciechmusial.eu\/wp-content\/uploads\/2021\/10\/kancelaria_logo-80x80.png 80w, https:\/\/www.wojciechmusial.eu\/wp-content\/uploads\/2021\/10\/kancelaria_logo-36x36.png 36w, https:\/\/www.wojciechmusial.eu\/wp-content\/uploads\/2021\/10\/kancelaria_logo.png 512w\" sizes=\"(max-width: 180px) 100vw, 180px\" \/><\/div><\/div><\/div><br \/>\n\n<style type=\"text\/css\" data-created_by=\"avia_inline_auto\" id=\"style-css-av-178y94-e2f079697ab530beec6415f8a37c8169\">\n#top .av-special-heading.av-178y94-e2f079697ab530beec6415f8a37c8169{\npadding-bottom:10px;\nfont-size:30px;\n}\n<\/style>\n<div  class='av-special-heading av-178y94-e2f079697ab530beec6415f8a37c8169 av-special-heading-h3 blockquote modern-quote modern-centered  avia-builder-el-6  el_after_av_image  el_before_av_hr  av-inherit-size '><h3 class='av-special-heading-tag '  itemprop=\"headline\"  >O MNIE<\/h3><div class='special-heading-border'><div class='special-heading-inner-border'><\/div><\/div><\/div><br \/>\n\n<style type=\"text\/css\" data-created_by=\"avia_inline_auto\" id=\"style-css-av-4a9nc-5344ec3897fc91521456d31926443726\">\n#top .hr.av-4a9nc-5344ec3897fc91521456d31926443726{\nmargin-top:40px;\nmargin-bottom:40px;\n}\n.hr.av-4a9nc-5344ec3897fc91521456d31926443726 .hr-inner{\nwidth:100px;\nborder-color:#51d19e;\n}\n<\/style>\n<div  class='hr av-4a9nc-5344ec3897fc91521456d31926443726 hr-custom  avia-builder-el-7  el_after_av_heading  el_before_av_textblock  hr-center hr-icon-no '><span class='hr-inner inner-border-av-border-fat'><span class=\"hr-inner-style\"><\/span><\/span><\/div><br \/>\n<section  class='av_textblock_section av-11x83c-98900e913dc2e0cfb72d24c2bf08ffae '  itemscope=\"itemscope\" itemtype=\"https:\/\/schema.org\/CreativeWork\" ><div class='avia_textblock '  itemprop=\"text\" ><p style=\"text-align: justify;\">Wojciech Musia\u0142 jest adwokatem, cz\u0142onkiem Izby Adwokackiej w Warszawie. W latach 2007-2011 odbywa\u0142 aplikacj\u0119 adwokack\u0105 w Warszawie pod patronatem adw. Tomasza Kapli\u0144skiego.<br \/>\nWojciech Musia\u0142 uko\u0144czy\u0142 studia prawnicze na kierunku prawo z wynikiem bardzo dobrym (2003).\u00a0Temat pracy magisterskiej (napisanej w Katedrze Prawa Gospodarczego i Handlowego pod kierunkiem Prof. dr hab. S. Hoca): \u201ePost\u0119powanie likwidacyjne w sp. z o.o.\u201d<br \/>\nW obszarze zainteresowa\u0144 Wojciech Musia\u0142a jest przede wszystkim prawo cywilne i gospodarcze, prawo sp\u00f3\u0142ek, nieruchomo\u015bci oraz nieuczciwej konkurencji, kt\u00f3rymi zajmuje si\u0119 nieprzerwanie od 2003 r. Do\u015bwiadczenie zawodowe w tym zakresie zdobywa\u0142 pracuj\u0105c kolejno jako: referent prawno \u2013 administracyjny w Wojew\u00f3dzkim Inspektoracie Nadzoru Budowlanego w Warszawie, Wydzia\u0142 Orzeczniczo \u2013 Prawny (2003-2004); asystent s\u0119dziego w VIII Wydziale Karnym (2004), a nast\u0119pnie w XX Wydziale Gospodarczym S\u0105du Okr\u0119gowego w Warszawie (2004-2007) oraz jako prawnik w Kancelarii Adwokackiej Tomasza Kapli\u0144skiego w Warszawie (2007-2008), a nast\u0119pnie w sp\u00f3\u0142ce Mami\u0144ski &amp; Wsp\u00f3lnicy Sp.k. z siedzib\u0105 w Warszawie (2008-2011).<br \/>\nBogate do\u015bwiadczenie zawodowe Wojciecha Musia\u0142a, zdobyte w organach administracji pa\u0144stwowej, s\u0105dach powszechnych oraz kancelariach prawnych, pozwoli\u0142o mu na za\u0142o\u017cenie w\u0142asnej Kancelarii Adwokackiej w Warszawie, \u015bwiadcz\u0105cej us\u0142ugi prawne na najwy\u017cszym poziomie.<br \/>\nW ka\u017cdym elemencie swojego \u017cycia, zar\u00f3wno osobistym, jak i zawodowym Wojciech Musia\u0142 stara si\u0119 by\u0107 perfekcjonist\u0105. Powierzone mu zadania zawsze wykonuje z najwi\u0119ksz\u0105 konsekwencj\u0105, skrupulatno\u015bci\u0105 i zaanga\u017cowaniem.<\/p>\n<\/div><\/section><\/p><\/div><div class='flex_column av-3ozag-954b7163f417d3a9020a7f8eae385508 av_one_fifth  avia-builder-el-9  el_after_av_three_fifth  el_before_av_one_full  flex_column_div '   ><\/div><div class='flex_column av-16r7wk-b495739e37ac584f7e1a9759dd1a6358 av_one_full  avia-builder-el-10  el_after_av_one_fifth  avia-builder-el-last  first flex_column_div column-top-margin'   ><\/div><\/div><\/div><\/div><!-- close content main div --><\/div><\/div><div id='uslugi'  class='avia-section av-15kbx8-19f7be1f25a2eb5728b82087d461d168 alternate_color avia-section-huge avia-no-border-styling  avia-builder-el-11  el_after_av_section  el_before_av_section  avia-bg-style-scroll  container_wrap sidebar_right'  ><div class='container av-section-cont-open' ><div class='template-page content  av-content-small alpha units'><div class='post-entry post-entry-type-page post-entry-28'><div class='entry-content-wrapper clearfix'>\n<div class='flex_column av-14uy9k-ed0401fc64bd6ca86ccd55c93c0a3257 av_one_fifth  avia-builder-el-12  el_before_av_three_fifth  avia-builder-el-first  first flex_column_div '   ><\/div><div class='flex_column av-145ldo-de8ef365145997589c0a5d51799df982 av_three_fifth  avia-builder-el-13  el_after_av_one_fifth  el_before_av_one_fifth  flex_column_div '   ><p>\n<style type=\"text\/css\" data-created_by=\"avia_inline_auto\" id=\"style-css-av-13r05c-84de9336f80700cac9e5d9830e14bb1f\">\n.avia-image-container.av-13r05c-84de9336f80700cac9e5d9830e14bb1f .av-image-caption-overlay-center{\ncolor:#ffffff;\n}\n<\/style>\n<div  class='avia-image-container av-13r05c-84de9336f80700cac9e5d9830e14bb1f av-styling-circle avia_animated_image avia_animate_when_almost_visible pop-up avia-align-center  avia-builder-el-14  el_before_av_heading  avia-builder-el-first  '  itemprop=\"image\" itemscope=\"itemscope\" itemtype=\"https:\/\/schema.org\/ImageObject\" ><div class=\"avia-image-container-inner\"><div class=\"avia-image-overlay-wrap\"><img class='wp-image-118 avia-img-lazy-loading-not-118 avia_image' src=\"https:\/\/www.wojciechmusial.eu\/wp-content\/uploads\/2021\/10\/pafagraf-180x180.png\" alt='' title='pafagraf'  height=\"180\" width=\"180\"  itemprop=\"thumbnailUrl\" srcset=\"https:\/\/www.wojciechmusial.eu\/wp-content\/uploads\/2021\/10\/pafagraf-180x180.png 180w, https:\/\/www.wojciechmusial.eu\/wp-content\/uploads\/2021\/10\/pafagraf-80x80.png 80w, https:\/\/www.wojciechmusial.eu\/wp-content\/uploads\/2021\/10\/pafagraf-36x36.png 36w\" sizes=\"(max-width: 180px) 100vw, 180px\" \/><\/div><\/div><\/div><br \/>\n\n<style type=\"text\/css\" data-created_by=\"avia_inline_auto\" id=\"style-css-av-3w25g-db74bc3741a88e536ba9375dde6938c4\">\n#top .av-special-heading.av-3w25g-db74bc3741a88e536ba9375dde6938c4{\npadding-bottom:10px;\nfont-size:30px;\n}\n<\/style>\n<div  class='av-special-heading av-3w25g-db74bc3741a88e536ba9375dde6938c4 av-special-heading-h3 blockquote modern-quote modern-centered  avia-builder-el-15  el_after_av_image  el_before_av_hr  av-inherit-size '><h3 class='av-special-heading-tag '  itemprop=\"headline\"  >ZAKRES US\u0141UG<\/h3><div class='special-heading-border'><div class='special-heading-inner-border'><\/div><\/div><\/div><br \/>\n\n<style type=\"text\/css\" data-created_by=\"avia_inline_auto\" id=\"style-css-av-1273kk-1d457d96934dbd05b4fb3a9ab76f00b3\">\n#top .hr.av-1273kk-1d457d96934dbd05b4fb3a9ab76f00b3{\nmargin-top:40px;\nmargin-bottom:40px;\n}\n.hr.av-1273kk-1d457d96934dbd05b4fb3a9ab76f00b3 .hr-inner{\nwidth:100px;\nborder-color:#51d19e;\n}\n<\/style>\n<div  class='hr av-1273kk-1d457d96934dbd05b4fb3a9ab76f00b3 hr-custom  avia-builder-el-16  el_after_av_heading  el_before_av_textblock  hr-center hr-icon-no '><span class='hr-inner inner-border-av-border-fat'><span class=\"hr-inner-style\"><\/span><\/span><\/div><br \/>\n<section  class='av_textblock_section av-kv262je4-ece3d3069d09fe24e3c8d8b90b61d102 '  itemscope=\"itemscope\" itemtype=\"https:\/\/schema.org\/CreativeWork\" ><div class='avia_textblock '  itemprop=\"text\" ><p><em>Kancelaria Adwokacka Wojciech Musia\u0142 \u015bwiadczy pomoc prawn\u0105 osobom fizycznym, podmiotom gospodarczym oraz jednostkom organizacyjnym. Zakres \u015bwiadczonych us\u0142ug prawnych obejmuje w szczeg\u00f3lno\u015bci udzielanie porad prawnych, sporz\u0105dzanie opinii prawnych, opracowywanie projekt\u00f3w akt\u00f3w prawnych oraz wyst\u0119powanie przed s\u0105dami i urz\u0119dami.<\/em><\/p>\n<p><em><strong>Praktyka Kancelarii obejmuje:<\/strong><\/em><\/p>\n<ul>\n<li><em>Spory s\u0105dowe i arbitra\u017c gospodarczy<\/em><\/li>\n<li><em>Prawo sp\u00f3\u0142ek handlowych<\/em><\/li>\n<li><em>Obs\u0142uga przedsi\u0119biorc\u00f3w i prawo pracy<\/em><\/li>\n<li><em>Prawo konkurencji<\/em><\/li>\n<li><em>Nieruchomo\u015bci i prawo budowlane<\/em><\/li>\n<li><em>Prawo rodzinne i opieku\u0144cze<\/em><\/li>\n<li><em>Prawo spadkowe<\/em><\/li>\n<li><em>Prawo karne, prawo karne skarbowe i prawo wykrocze\u0144<\/em><\/li>\n<\/ul>\n<\/div><\/section><\/p><\/div><div class='flex_column av-114yyo-47f0f02e065051abd7622f1481db1ae0 av_one_fifth  avia-builder-el-18  el_after_av_three_fifth  avia-builder-el-last  flex_column_div '   ><\/div>\n<\/p>\n<\/div><\/div><\/div><!-- close content main div --><\/div><\/div>\n<style type=\"text\/css\" data-created_by=\"avia_inline_auto\" id=\"style-css-av-vmkg4-7a9022730236a487a2d970070c5fe189\">\n.avia-section.av-vmkg4-7a9022730236a487a2d970070c5fe189 .av-section-color-overlay{\nopacity:0.8;\nbackground-color:#000000;\n}\n<\/style>\n<div id='praca'  class='avia-section av-vmkg4-7a9022730236a487a2d970070c5fe189 main_color avia-section-huge avia-no-shadow  avia-builder-el-19  el_after_av_section  el_before_av_section  avia-bg-style-parallax av-section-color-overlay-active  container_wrap sidebar_right'  ><div class='av-section-color-overlay-wrap'><div class=\"av-section-color-overlay\"><\/div><div class='container av-section-cont-open' ><div class='template-page content  av-content-small alpha units'><div class='post-entry post-entry-type-page post-entry-28'><div class='entry-content-wrapper clearfix'>\n<div class='flex_column av-3ivx8-894b6ba472be440760818901b6d6dd52 av_one_fifth  avia-builder-el-20  el_before_av_three_fifth  avia-builder-el-first  first flex_column_div '   ><\/div><div class='flex_column av-2waq8-143496d87b8090d5fa5c60d5a0ac2042 av_three_fifth  avia-builder-el-21  el_after_av_one_fifth  el_before_av_one_fifth  flex_column_div '   ><p>\n<style type=\"text\/css\" data-created_by=\"avia_inline_auto\" id=\"style-css-av-kv27yu1o-e4bf6795ccd7e5c2d6fbc5eb31ed579a\">\n.avia-image-container.av-kv27yu1o-e4bf6795ccd7e5c2d6fbc5eb31ed579a .av-image-caption-overlay-center{\ncolor:#ffffff;\n}\n<\/style>\n<div  class='avia-image-container av-kv27yu1o-e4bf6795ccd7e5c2d6fbc5eb31ed579a av-styling-circle avia_animated_image avia_animate_when_almost_visible pop-up avia-align-center  avia-builder-el-22  el_before_av_heading  avia-builder-el-first  '  itemprop=\"image\" itemscope=\"itemscope\" itemtype=\"https:\/\/schema.org\/ImageObject\" ><div class=\"avia-image-container-inner\"><div class=\"avia-image-overlay-wrap\"><img class='wp-image-171 avia-img-lazy-loading-not-171 avia_image' src=\"https:\/\/www.wojciechmusial.eu\/wp-content\/uploads\/2021\/10\/praca_m-300x300.png\" alt='' title='praca_m'  height=\"300\" width=\"300\"  itemprop=\"thumbnailUrl\" srcset=\"https:\/\/www.wojciechmusial.eu\/wp-content\/uploads\/2021\/10\/praca_m-300x300.png 300w, https:\/\/www.wojciechmusial.eu\/wp-content\/uploads\/2021\/10\/praca_m-1030x1030.png 1030w, https:\/\/www.wojciechmusial.eu\/wp-content\/uploads\/2021\/10\/praca_m-80x80.png 80w, https:\/\/www.wojciechmusial.eu\/wp-content\/uploads\/2021\/10\/praca_m-768x768.png 768w, https:\/\/www.wojciechmusial.eu\/wp-content\/uploads\/2021\/10\/praca_m-36x36.png 36w, https:\/\/www.wojciechmusial.eu\/wp-content\/uploads\/2021\/10\/praca_m-180x180.png 180w, https:\/\/www.wojciechmusial.eu\/wp-content\/uploads\/2021\/10\/praca_m-705x705.png 705w, https:\/\/www.wojciechmusial.eu\/wp-content\/uploads\/2021\/10\/praca_m.png 1250w\" sizes=\"(max-width: 300px) 100vw, 300px\" \/><\/div><\/div><\/div><br \/>\n\n<style type=\"text\/css\" data-created_by=\"avia_inline_auto\" id=\"style-css-av-viz1s-60651f316a46e229695ffb959b950b7d\">\n#top .av-special-heading.av-viz1s-60651f316a46e229695ffb959b950b7d{\npadding-bottom:10px;\nfont-size:30px;\n}\n<\/style>\n<div  class='av-special-heading av-viz1s-60651f316a46e229695ffb959b950b7d av-special-heading-h3 blockquote modern-quote modern-centered  avia-builder-el-23  el_after_av_image  el_before_av_hr  av-inherit-size '><h3 class='av-special-heading-tag '  itemprop=\"headline\"  >PRACA I PRAKTYKI<\/h3><div class='special-heading-border'><div class='special-heading-inner-border'><\/div><\/div><\/div><br \/>\n\n<style type=\"text\/css\" data-created_by=\"avia_inline_auto\" id=\"style-css-av-26v7w-3da7e22aca6e169f4f78a971fb6673f4\">\n#top .hr.av-26v7w-3da7e22aca6e169f4f78a971fb6673f4{\nmargin-top:40px;\nmargin-bottom:40px;\n}\n.hr.av-26v7w-3da7e22aca6e169f4f78a971fb6673f4 .hr-inner{\nwidth:100px;\nborder-color:#51d19e;\n}\n<\/style>\n<div  class='hr av-26v7w-3da7e22aca6e169f4f78a971fb6673f4 hr-custom  avia-builder-el-24  el_after_av_heading  el_before_av_textblock  hr-center hr-icon-no '><span class='hr-inner inner-border-av-border-fat'><span class=\"hr-inner-style\"><\/span><\/span><\/div><br \/>\n<section  class='av_textblock_section av-kv26bab7-b8851e368b547ee4b90748e72c421810 '  itemscope=\"itemscope\" itemtype=\"https:\/\/schema.org\/CreativeWork\" ><div class='avia_textblock '  itemprop=\"text\" ><p><em>Kancelaria zainteresowana jest wsp\u00f3\u0142prac\u0105 z osobami, kt\u00f3re uko\u0144czy\u0142y studia na kierunku prawo i posiadaj\u0105 do\u015bwiadczenie zawodowe zdobyte na stanowisku prawnika.<\/em><\/p>\n<p><em>Absolwentom studi\u00f3w prawniczych nie posiadaj\u0105cych do\u015bwiadczenia zawodowego oraz studentom proponujemy program sta\u017cy i praktyk studenckich.<\/em><\/p>\n<p><em>Zainteresowanych prosimy o przesy\u0142anie CV na adres: w.musial@wojciechmusial.eu.<\/em><\/p>\n<p><em>Zastrzegamy, \u017ce odpowiadamy tylko na wybrane oferty.<\/em><\/p>\n<\/div><\/section><\/p><\/div><div class='flex_column av-1pbqk-adf36f57ae3b21adfc0825d3f0a35843 av_one_fifth  avia-builder-el-26  el_after_av_three_fifth  avia-builder-el-last  flex_column_div '   ><\/div>\n\n<\/div><\/div><\/div><!-- close content main div --><\/div><\/div><\/div><div id='contact'  class='avia-section av-oj52s-94c807b420153d5ffe8bd1c94f07ed84 main_color avia-section-huge avia-no-border-styling  avia-builder-el-27  el_after_av_section  el_before_av_section  avia-bg-style-scroll  container_wrap sidebar_right'  ><div class='container av-section-cont-open' ><div class='template-page content  av-content-small alpha units'><div class='post-entry post-entry-type-page post-entry-28'><div class='entry-content-wrapper clearfix'>\n<div class='flex_column av-oakz4-d02fcf2ce5abc6519d4e5b91bca22e0d av_one_fifth  avia-builder-el-28  el_before_av_three_fifth  avia-builder-el-first  first flex_column_div '   ><\/div><div class='flex_column av-nodfs-f3c1a5695354c48b4f5eecd43e141ba7 av_three_fifth  avia-builder-el-29  el_after_av_one_fifth  el_before_av_one_fifth  flex_column_div '   ><style type=\"text\/css\" data-created_by=\"avia_inline_auto\" id=\"style-css-av-n7nfk-bd2759b39cc94c14aa8a284f8518e771\">\n#top .av-special-heading.av-n7nfk-bd2759b39cc94c14aa8a284f8518e771{\npadding-bottom:10px;\nfont-size:30px;\n}\n<\/style>\n<div  class='av-special-heading av-n7nfk-bd2759b39cc94c14aa8a284f8518e771 av-special-heading-h3 blockquote modern-quote modern-centered  avia-builder-el-30  avia-builder-el-no-sibling  av-inherit-size '><h3 class='av-special-heading-tag '  itemprop=\"headline\"  >Kancelaria Adwokacka Wojciech Musia\u0142<\/h3><div class='special-heading-border'><div class='special-heading-inner-border'><\/div><\/div><\/div><\/div><div class='flex_column av-m7c3o-6f8ea7893e144e7c20814e646bb07569 av_one_fifth  avia-builder-el-31  el_after_av_three_fifth  el_before_av_hr  flex_column_div '   ><\/div>\n<style type=\"text\/css\" data-created_by=\"avia_inline_auto\" id=\"style-css-av-qdpo-80af444f3069768115310b08057dfe0e\">\n#top .hr.av-qdpo-80af444f3069768115310b08057dfe0e{\nmargin-top:40px;\nmargin-bottom:40px;\n}\n.hr.av-qdpo-80af444f3069768115310b08057dfe0e .hr-inner{\nwidth:100px;\nborder-color:#51d19e;\n}\n<\/style>\n<div  class='hr av-qdpo-80af444f3069768115310b08057dfe0e hr-custom  avia-builder-el-32  el_after_av_one_fifth  el_before_av_one_third  hr-center hr-icon-no '><span class='hr-inner inner-border-av-border-fat'><span class=\"hr-inner-style\"><\/span><\/span><\/div>\n<div class='flex_column av-kwzfg-8bccddc48fc06e7f149a16a628d9509a av_one_third  avia-builder-el-33  el_after_av_hr  el_before_av_one_third  first flex_column_div '   ><article  class=\"iconbox iconbox_left_content av-khz5g-9e1b5c91d2e30bf6bcfca62b2ed59c95  avia-builder-el-34  avia-builder-el-no-sibling  \"  itemscope=\"itemscope\" itemtype=\"https:\/\/schema.org\/CreativeWork\" ><div class=\"iconbox_icon heading-color\" aria-hidden='true' data-av_icon='\ue842' data-av_iconfont='entypo-fontello'><\/div><div class=\"iconbox_content\"><header class=\"entry-content-header\"><h3 class='iconbox_content_title  '  itemprop=\"headline\" >Adres kancelarii<\/h3><\/header><div class='iconbox_content_container  '  itemprop=\"text\" ><p><em>ul. Pr\u0105dzy\u0144skiego 35A lok 2<br \/>\n<\/em><em>05-200 Wo\u0142omin<\/em><\/p>\n<\/div><\/div><footer class=\"entry-footer\"><\/footer><\/article><\/div><div class='flex_column av-jxys4-97b92b4961e0303318aedfced05060d3 av_one_third  avia-builder-el-35  el_after_av_one_third  el_before_av_one_third  flex_column_div '   ><article  class=\"iconbox iconbox_left_content av-jj6rc-28a638bd503ddcee8fa9e708e9df8e32  avia-builder-el-36  avia-builder-el-no-sibling  \"  itemscope=\"itemscope\" itemtype=\"https:\/\/schema.org\/CreativeWork\" ><div class=\"iconbox_icon heading-color\" aria-hidden='true' data-av_icon='\ue805' data-av_iconfont='entypo-fontello'><\/div><div class=\"iconbox_content\"><header class=\"entry-content-header\"><h3 class='iconbox_content_title  '  itemprop=\"headline\" >Adres e-mail<\/h3><\/header><div class='iconbox_content_container  '  itemprop=\"text\" ><p>w.musial@wojciechmusial.eu<\/p>\n<\/div><\/div><footer class=\"entry-footer\"><\/footer><\/article><\/div><div class='flex_column av-hsiqo-9e84ae056da019915cb18be5d43bb527 av_one_third  avia-builder-el-37  el_after_av_one_third  avia-builder-el-last  flex_column_div '   ><article  class=\"iconbox iconbox_left_content av-gs1e4-bfaf7ce1cbdc61cd67c422fcfea22ced  avia-builder-el-38  avia-builder-el-no-sibling  \"  itemscope=\"itemscope\" itemtype=\"https:\/\/schema.org\/CreativeWork\" ><div class=\"iconbox_icon heading-color\" aria-hidden='true' data-av_icon='\ue854' data-av_iconfont='entypo-fontello'><\/div><div class=\"iconbox_content\"><header class=\"entry-content-header\"><h3 class='iconbox_content_title  '  itemprop=\"headline\" >Telefon kontaktowy<\/h3><\/header><div class='iconbox_content_container  '  itemprop=\"text\" ><p><em><span lang=\"EN-US\">662.129.435<\/span><\/em><\/p>\n<\/div><\/div><footer class=\"entry-footer\"><\/footer><\/article><\/div>\n\n<\/div><\/div><\/div><!-- close content main div --><\/div><\/div><div id='av_section_5'  class='avia-section av-swzs-8e3981668176145b7e4aa5e612372524 main_color avia-section-huge avia-no-border-styling  avia-builder-el-39  el_after_av_section  avia-builder-el-last  avia-bg-style-scroll  container_wrap sidebar_right'  ><div class='container av-section-cont-open' ><div class='template-page content  av-content-small alpha units'><div class='post-entry post-entry-type-page post-entry-28'><div class='entry-content-wrapper clearfix'>\n\n<\/div><\/div><\/div><!-- close content main div --><\/div><\/div><div id='after_section_5'  class='main_color av_default_container_wrap container_wrap sidebar_right'  ><div class='container av-section-cont-open' ><div class='template-page content  av-content-small alpha units'><div class='post-entry post-entry-type-page post-entry-28'><div class='entry-content-wrapper clearfix'>\n","protected":false},"excerpt":{"rendered":"","protected":false},"author":1,"featured_media":0,"parent":0,"menu_order":0,"comment_status":"closed","ping_status":"open","template":"","meta":[],"_links":{"self":[{"href":"https:\/\/www.wojciechmusial.eu\/index.php\/wp-json\/wp\/v2\/pages\/28"}],"collection":[{"href":"https:\/\/www.wojciechmusial.eu\/index.php\/wp-json\/wp\/v2\/pages"}],"about":[{"href":"https:\/\/www.wojciechmusial.eu\/index.php\/wp-json\/wp\/v2\/types\/page"}],"author":[{"embeddable":true,"href":"https:\/\/www.wojciechmusial.eu\/index.php\/wp-json\/wp\/v2\/users\/1"}],"replies":[{"embeddable":true,"href":"https:\/\/www.wojciechmusial.eu\/index.php\/wp-json\/wp\/v2\/comments?post=28"}],"version-history":[{"count":75,"href":"https:\/\/www.wojciechmusial.eu\/index.php\/wp-json\/wp\/v2\/pages\/28\/revisions"}],"predecessor-version":[{"id":182,"href":"https:\/\/www.wojciechmusial.eu\/index.php\/wp-json\/wp\/v2\/pages\/28\/revisions\/182"}],"wp:attachment":[{"href":"https:\/\/www.wojciechmusial.eu\/index.php\/wp-json\/wp\/v2\/media?parent=28"}],"curies":[{"name":"wp","href":"https:\/\/api.w.org\/{rel}","templated":true}]}}